 11610 and 9?
9
What is the greatest common factor of 192 and 156?
12
What is the greatest common factor of 1125 and 1485?
45
Calculate the highest common factor of 16 and 52.
4
What is the greatest common divisor of 19935 and 5?
5
What is the greatest common factor of 216 and 405?
27
What is the greatest common factor of 148 and 37?
37
What is the greatest common divisor of 36 and 22344?
12
What is the highest common factor of 77 and 11?
11
Calculate the highest common factor of 164 and 14.
2
Calculate the highest common factor of 6973 and 133.
19
Calculate the greatest common divisor of 12 and 18.
6
What is the highest common divisor of 209 and 76?
19
Calculate the greatest common divisor of 215 and 344.
43
What is the greatest common factor of 147 and 63?
21
Calculate the greatest common divisor of 22 and 99.
11
What is the highest common factor of 12 and 3252?
12
What is the greatest common factor of 1015 and 5481?
203
Calculate the highest common factor of 506 and 92.
46
What is the highest common factor of 5232 and 48?
48
What is the highest common divisor of 1045 and 55?
55
Calculate the highest common factor of 808 and 32.
8
What is the highest common factor of 117 and 104?
13
What is the highest common factor of 1053 and 324?
81
What is the highest common factor of 105 and 30?
15
Calculate the highest common factor of 2170 and 62.
62
Calculate the highest common divisor of 18 and 288.
18
Calculate the greatest common factor of 57 and 3.
3
Calculate the greatest common factor of 8787 and 87.
87
What is the greatest common factor of 1292 and 136?
68
What is the greatest common factor of 3008 and 16?
16
Calculate the highest common factor of 456 and 216.
24
What is the highest common divisor of 468 and 180?
36
Calculate the greatest common divisor of 296 and 8.
8
Calculate the highest common factor of 288 and 272.
16
What is the greatest common factor of 475 and 625?
25
Calculate the highest common factor of 52 and 52.
52
What is the greatest common factor of 952 and 170?
34
What is the highest common divisor of 551 and 152?
19
Calculate the highest common factor of 33 and 660.
33
What is the highest common divisor of 17 and 901?
17
What is the greatest common divisor of 11 and 1793?
11
What is the highest common divisor of 95 and 5?
5
What is the highest common divisor of 2604 and 420?
84
Calculate the greatest common divisor of 4163 and 362.
181
Calculate the highest common factor of 869 and 11.
11
What is the greatest common factor of 64 and 832?
64
What is the greatest common factor of 26 and 208?
26
What is the greatest common factor of 135 and 9045?
135
Calculate the highest common divisor of 104 and 754.
26
Calculate the highest common divisor of 1152 and 18.
18
What is the greatest common factor of 34 and 6766?
34
What is the greatest common divisor of 9 and 612?
9
Calculate the highest common divisor of 100 and 5150.
50
Calculate the highest common factor of 252 and 192.
12
Calculate the highest common factor of 15 and 415.
5
What is the greatest common factor of 54 and 1422?
18
What is the highest common divisor of 899 and 248?
31
Calculate the highest common factor of 126 and 36036.
126
Calculate the greatest common divisor of 11 and 44.
11
Calculate the highest common divisor of 1728 and 324.
108
What is the greatest common factor of 117 and 72?
9
Calculate the highest common factor of 24 and 15816.
24
Calculate the greatest common factor of 159 and 1007.
53
What is the highest common factor of 65 and 26?
13
What is the greatest common divisor of 1875 and 150?
75
What is the highest common divisor of 12 and 138?
6
What is the highest common factor of 116 and 8?
4
Calculate the greatest common factor of 1210 and 10406.
242
What is the greatest common factor of 30 and 55?
5
Calculate the greatest common factor of 63 and 2373.
21
Calculate the highest common divisor of 147 and 9.
3
Calculate the greatest common factor of 101 and 50500.
101
Calculate the greatest common divisor of 20 and 15.
5
Calculate the highest common factor of 4 and 1012.
4
Calculate the highest common factor of 130 and 312.
26
Calculate the greatest common factor of 264 and 33.
33
What is the highest common divisor of 18704 and 48?
16
Calculate the greatest common factor of 5 and 10.
5
What is the greatest common factor of 52 and 1066?
26
Calculate the greatest common divisor of 1898 and 26.
26
What is the highest common divisor of 1085 and 105?
35
What is the greatest common factor of 14 and 686?
14
What is the greatest common divisor of 5 and 85?
5
What is the highest common divisor of 12 and 6618?
6
Calculate the greatest common factor of 385 and 70.
35
What is the highest common divisor of 171 and 228?
57
Calculate the highest common factor of 90 and 1566.
18
Calculate the highest common factor of 7 and 4914.
7
What is the greatest common factor of 378 and 91854?
378
What is the highest common divisor of 2304 and 504?
72
Calculate the greatest common divisor of 34 and 27812.
34
What is the highest common factor of 56 and 324?
4
Calculate the greatest common factor of 29002 and 34.
34
What is the greatest common factor of 24 and 152?
8
What is the highest common divisor of 288 and 18?
18
What is the highest common divisor of 152 and 247?
19
Calculate the greatest common divisor of 3 and 39.
3
What is the highest common divisor of 14 and 28?
14
Calculate the highest common divisor of 4968 and 460.
92
Calculate the greatest common divisor of 40 and 18220.
20
What is the greatest common divisor of 583 and 363?
11
Calculate the highest common factor of 4 and 542.
2
Calculate the greatest common factor of 26 and 2.
2
What is the highest common factor of 100 and 650?
50
Calculate the highest common factor of 39 and 104.
13
What is the greatest common factor of 1075 and 425?
25
What is the greatest common factor of 319 and 11?
11
Calculate the greatest common factor of 1603 and 7.
7
What is the greatest common factor of 1972 and 374?
34
Calculate the greatest common divisor of 292 and 52268.
292
Calculate the highest common divisor of 899 and 667.
29
Calculate the greatest common divisor of 124 and 93.
31
Calculate the highest common divisor of 6 and 24.
6
Calculate the highest common factor of 9 and 21.
3
What is the greatest common factor of 36 and 484?
4
What is the greatest common divisor of 12 and 102?
6
What is the greatest common factor of 54 and 120?
6
Calculate the highest common factor of 243 and 45.
9
What is the greatest common divisor of 204 and 6?
6
Calculate the highest common divisor of 52 and 1326.
26
Calculate the highest common divisor of 1656 and 90.
18
Calculate the highest common divisor of 108 and 486.
54
What is the greatest common divisor of 37 and 15?
1
What is the highest common factor of 595 and 3315?
85
Calculate the highest common factor of 117 and 26.
13
What is the highest common factor of 1179 and 72?
9
Calculate the greatest common factor of 75 and 2450.
25
Calculate the greatest common divisor of 145 and 29.
29
What is the highest common divisor of 25 and 225?
25
Calculate the greatest common divisor of 192 and 416.
32
Calculate the greatest common factor of 73 and 5.
1
Calculate the highest common factor of 10 and 110.
10
What is the greatest common divisor of 790 and 10?
10
Calculate the highest common divisor of 63 and 42.
21
Calculate the greatest common factor of 3450 and 1242.
138
Calculate the highest common factor of 6 and 123.
3
Calculate the greatest common factor of 2951 and 2043.
227
What is the greatest common divisor of 12 and 1110?
6
Calculate the highest common divisor of 27 and 189.
27
Calculate the greatest common factor of 12 and 162.
6
Calculate the highest common divisor of 32 and 2528.
32
What is the greatest common factor of 25 and 400?
25
Calculate the greatest common divisor of 49082 and 194.
194
What is the greatest common divisor of 3434 and 34?
34
What is the greatest common factor of 1295 and 35?
35
What is the highest common divisor of 26 and 30?
2
Calculate the greatest common divisor of 143 and 15301.
143
Calculate the greatest common factor of 1000 and 50.
50
What is the highest common divisor of 117 and 5187?
39
Calculate the highest common factor of 60 and 3054.
6
Calculate the greatest 